ainder when 1763 is divided by 525?
188
What is the remainder when 3953 is divided by 113?
111
Calculate the remainder when 2495 is divided by 532.
367
What is the remainder when 4837 is divided by 1629?
1579
What is the remainder when 12980 is divided by 447?
17
Calculate the remainder when 26565 is divided by 6.
3
Calculate the remainder when 335614 is divided by 223.
222
Calculate the remainder when 368554 is divided by 32.
10
What is the remainder when 33007 is divided by 752?
671
Calculate the remainder when 2652 is divided by 1304.
44
What is the remainder when 2619 is divided by 19?
16
What is the remainder when 10638 is divided by 3532?
42
Calculate the remainder when 830 is divided by 37.
16
Calculate the remainder when 403340 is divided by 31.
30
Calculate the remainder when 479 is divided by 36.
11
Calculate the remainder when 2810 is divided by 207.
119
Calculate the remainder when 4651 is divided by 160.
11
Calculate the remainder when 3484 is divided by 46.
34
What is the remainder when 2009355 is divided by 234?
231
What is the remainder when 174795 is divided by 174?
99
Calculate the remainder when 77648 is divided by 232.
160
What is the remainder when 13442 is divided by 561?
539
What is the remainder when 4846 is divided by 952?
86
What is the remainder when 9416 is divided by 312?
56
What is the remainder when 49006 is divided by 48?
46
What is the remainder when 51738 is divided by 40?
18
Calculate the remainder when 1228 is divided by 1023.
205
Calculate the remainder when 876068 is divided by 133.
130
Calculate the remainder when 22015 is divided by 7336.
7
Calculate the remainder when 27323 is divided by 5457.
38
What is the remainder when 20632 is divided by 215?
207
What is the remainder when 3656 is divided by 87?
2
Calculate the remainder when 19568 is divided by 13.
3
Calculate the remainder when 3690033 is divided by 81.
78
Calculate the remainder when 93395 is divided by 163.
159
Calculate the remainder when 2630 is divided by 692.
554
Calculate the remainder when 23058 is divided by 7192.
1482
Calculate the remainder when 68471 is divided by 249.
245
Calculate the remainder when 959413 is divided by 211.
207
What is the remainder when 4151 is divided by 598?
563
Calculate the remainder when 117268 is divided by 30.
28
What is the remainder when 12765 is divided by 103?
96
Calculate the remainder when 20218 is divided by 5026.
114
What is the remainder when 137010 is divided by 1015?
1000
What is the remainder when 1727 is divided by 28?
19
Calculate the remainder when 58162 is divided by 74.
72
What is the remainder when 137096 is divided by 454?
442
Calculate the remainder when 683271 is divided by 1166.
1161
What is the remainder when 40925 is divided by 546?
521
Calculate the remainder when 43632 is divided by 21.
15
Calculate the remainder when 21437 is divided by 51.
17
What is the remainder when 108335 is divided by 27081?
11
Calculate the remainder when 63093 is divided by 67.
46
Calculate the remainder when 3358 is divided by 3314.
44
Calculate the remainder when 7148 is divided by 11.
9
Calculate the remainder when 204943 is divided by 6403.
47
What is the remainder when 43324 is divided by 45?
34
Calculate the remainder when 18417 is divided by 537.
159
Calculate the remainder when 7921 is divided by 54.
37
Calculate the remainder when 1985 is divided by 189.
95
What is the remainder when 49726 is divided by 16569?
19
What is the remainder when 3117 is divided by 652?
509
What is the remainder when 8276 is divided by 70?
16
Calculate the remainder when 43684 is divided by 321.
28
What is the remainder when 3921 is divided by 153?
96
What is the remainder when 10247 is divided by 283?
59
What is the remainder when 5288 is divided by 410?
368
Calculate the remainder when 111469 is divided by 27866.
5
Calculate the remainder when 7068 is divided by 1462.
1220
What is the remainder when 272428 is divided by 270?
268
What is the remainder when 184679 is divided by 1539?
1538
Calculate the remainder when 15154 is divided by 14958.
196
What is the remainder when 15505 is divided by 5165?
10
What is the remainder when 364 is divided by 49?
21
What is the remainder when 380030 is divided by 51?
29
Calculate the remainder when 80847 is divided by 40408.
31
What is the remainder when 6045 is divided by 50?
45
Calculate the remainder when 85006 is divided by 9429.
145
Calculate the remainder when 39681 is divided by 1129.
166
What is the remainder when 39438 is divided by 170?
168
Calculate the remainder when 125099 is divided by 8.
3
What is the remainder when 3494 is divided by 289?
26
What is the remainder when 1407 is divided by 50?
7
Calculate the remainder when 1354 is divided by 25.
4
Calculate the remainder when 17007 is divided by 14.
11
Calculate the remainder when 5791 is divided by 241.
7
Calculate the remainder when 16570 is divided by 1020.
250
Calculate the remainder when 1003219 is divided by 747.
745
What is the remainder when 71300 is divided by 11?
9
What is the remainder when 20270 is divided by 56?
54
Calculate the remainder when 32847 is divided by 14.
3
Calculate the remainder when 3370 is divided by 52.
42
What is the remainder when 16959 is divided by 768?
63
Calculate the remainder when 1786 is divided by 128.
122
Calculate the remainder when 185386 is divided by 92676.
34
What is the remainder when 121 is divided by 67?
54
What is the remainder when 446 is divided by 107?
18
Calculate the remainder when 91807 is divided by 63.
16
What is the remainder when 36201 is divided by 149?
143
Calculate the remainder when 156670 is divided by 204.
202
Calculate the remainder when 132494 is divided by 196.
194
Calculate the remainder when 24565 is divided by 4913.
0
Calculate the remainder when 20075 is divided by 84.
83
Calculate the remainder when 61171 is divided by 450.
421
Calculate the remainder when 35093 is divided by 119.
107
What is the remainder when 3828 is divided by 1798?
232
Calculate the remainder when 27324 is divided by 26.
24
Calculate the remainder when 26974 is divided by 321.
10
What is the remainder when 906381 is divided by 169?
34
What is the remainder when 12052 is divided by 1517?
1433
What is the remainder when 2002061 is divided by 8?
5
What is the remainder when 1226 is divided by 559?
108
What is the remainder when 208983 is divided by 7?
5
What is the remainder when 740530 is divided by 606?
604
What is the remainder when 276569 is divided by 138282?
5
Calculate the remainder when 7230 is divided by 508.
118
Calculate the remainder when 129387 is divided by 481.
479
Calculate the remainder when 2231219 is divided by 751.
749
What is the remainder when 1185 is divided by 156?
93
What is the remainder when 23356 is divided by 11579?
198
What is the remainder when 186324 is divided by 25?
24
What is the remainder when 545541 is divided by 170?
11
Calculate the remainder when 4480 is divided by 11.
3
What is the remainder when 877 is divided by 63?
58
What is the remainder when 361359 is divided by 226?
211
What is the remainder when 9795 is divided by 3265?
0
Calculate the remainder when 2460 is divided by 817.
9
Calculate the remainder when 12499 is divided by 64.
19
What is the remainder when 1730259 is divided by 1019?
1016
What is the remainder when 1489 is divided by 165?
4
What is the remainder when 60557 is divided by 8649?
14
Calculate the remainder when 56145 is divided by 18715.
0
Calculate the remainder when 46567 is divided by 253.
15
What is the remainder when 17080 is divided by 39?
37
What is the remainder when 13537 is divided by 4427?
256
What is the remainder when 272458 is divided by 90819?
1
What is the remainder when 4867 is divided by 4820?
47
Calculate the remainder when 22100 is divided by 842.
208
Calculate the remainder when 8423 is divided by 17.
8
Calculate the remainder when 4371 is divided by 700.
171
What is the remainder when 3466 is divided by 3022?
444
Calculate the remainder when 697 is divided by 652.
45
What is the remainder when 26881 is divided by 93?
4
Calculate the remainder when 764984 is divided by 54639.
38
Calculate the remainder when 1056688 is divided by 26.
22
What is the remainder when 10480 is divided by 1310?
0
Ca